er when 1965142388 is divided by 21.
20
Calculate the remainder when 144644695 is divided by 566.
565
Calculate the remainder when 882923 is divided by 110.
63
What is the remainder when 417944 is divided by 1208?
1184
Calculate the remainder when 4297149 is divided by 1150.
749
Calculate the remainder when 5357546 is divided by 117.
116
Calculate the remainder when 988845 is divided by 419.
5
Calculate the remainder when 4685 is divided by 114.
11
Calculate the remainder when 14311 is divided by 190.
61
Calculate the remainder when 1982279 is divided by 47197.
5
Calculate the remainder when 43747163 is divided by 1984.
1947
Calculate the remainder when 30321696 is divided by 102.
54
Calculate the remainder when 799606 is divided by 75.
31
What is the remainder when 21980 is divided by 21717?
263
Calculate the remainder when 1597343 is divided by 17362.
39
What is the remainder when 22275 is divided by 1772?
1011
What is the remainder when 890814 is divided by 1423?
16
What is the remainder when 137984 is divided by 914?
884
Calculate the remainder when 619391 is divided by 482.
21
What is the remainder when 203773890 is divided by 40?
10
Calculate the remainder when 243132 is divided by 10.
2
What is the remainder when 3487057 is divided by 3999?
3928
What is the remainder when 227836 is divided by 539?
378
What is the remainder when 66433 is divided by 4384?
673
What is the remainder when 23686847 is divided by 153?
152
Calculate the remainder when 4010700 is divided by 3838.
3828
What is the remainder when 1881065 is divided by 1523?
160
What is the remainder when 24777336 is divided by 3212?
3180
Calculate the remainder when 50157477 is divided by 16719155.
12
What is the remainder when 706149 is divided by 359?
355
Calculate the remainder when 63964 is divided by 759.
208
Calculate the remainder when 1264133 is divided by 1264129.
4
Calculate the remainder when 93005 is divided by 23245.
25
What is the remainder when 6736450 is divided by 2245445?
115
What is the remainder when 479423 is divided by 453?
149
What is the remainder when 705722 is divided by 8890?
3412
What is the remainder when 105453 is divided by 7528?
61
What is the remainder when 393167 is divided by 630?
47
What is the remainder when 25219123 is divided by 182747?
37
What is the remainder when 102814065 is divided by 683?
26
Calculate the remainder when 1704759 is divided by 213070.
199
Calculate the remainder when 39139 is divided by 6460.
379
What is the remainder when 134139169 is divided by 201?
10
What is the remainder when 50038 is divided by 49540?
498
What is the remainder when 343334 is divided by 12675?
1109
Calculate the remainder when 43434 is divided by 5307.
978
What is the remainder when 2578013 is divided by 368281?
46
Calculate the remainder when 14145433 is divided by 124.
9
What is the remainder when 248017739 is divided by 1219?
1218
Calculate the remainder when 1234731 is divided by 283.
2
Calculate the remainder when 2691499 is divided by 566.
169
Calculate the remainder when 13352 is divided by 7614.
5738
What is the remainder when 953886 is divided by 1368?
390
Calculate the remainder when 221455 is divided by 4622.
4221
Calculate the remainder when 5204200 is divided by 18.
4
What is the remainder when 54693 is divided by 1822?
33
What is the remainder when 5364111 is divided by 43?
33
Calculate the remainder when 61746202 is divided by 3066.
28
What is the remainder when 6670116 is divided by 948?
936
What is the remainder when 532664 is divided by 22193?
32
Calculate the remainder when 28829 is divided by 9600.
29
What is the remainder when 73110 is divided by 3479?
51
What is the remainder when 13920420 is divided by 1069?
971
What is the remainder when 219440 is divided by 2608?
368
Calculate the remainder when 4761967 is divided by 4761966.
1
What is the remainder when 1457278 is divided by 48?
46
What is the remainder when 58152376 is divided by 5201?
5196
What is the remainder when 1759826 is divided by 539?
530
Calculate the remainder when 415813 is divided by 141.
4
Calculate the remainder when 6286 is divided by 2389.
1508
What is the remainder when 25345367 is divided by 1622?
1617
Calculate the remainder when 5246144 is divided by 154.
134
Calculate the remainder when 98945722 is divided by 92.
90
What is the remainder when 36010 is divided by 3964?
334
What is the remainder when 3493610 is divided by 1164235?
905
What is the remainder when 31032369 is divided by 522?
513
What is the remainder when 474281 is divided by 4790?
71
What is the remainder when 10654880 is divided by 172?
168
Calculate the remainder when 1085100 is divided by 270688.
2348
What is the remainder when 510548 is divided by 18907?
59
What is the remainder when 71465 is divided by 10162?
331
Calculate the remainder when 42615507 is divided by 105.
102
What is the remainder when 308499 is divided by 16235?
34
Calculate the remainder when 835643 is divided by 625.
18
What is the remainder when 5482788 is divided by 1645?
3
Calculate the remainder when 518215 is divided by 4324.
3659
What is the remainder when 9248 is divided by 9065?
183
What is the remainder when 8506251 is divided by 67?
65
What is the remainder when 2660928 is divided by 665074?
632
What is the remainder when 90372 is divided by 3557?
1447
What is the remainder when 4321 is divided by 919?
645
Calculate the remainder when 40457287 is divided by 40457286.
1
What is the remainder when 373629 is divided by 4557?
4512
Calculate the remainder when 4186850 is divided by 13043.
47
Calculate the remainder when 1682372 is divided by 231.
230
What is the remainder when 28692383 is divided by 70?
13
Calculate the remainder when 4687 is divided by 2422.
2265
What is the remainder when 423164 is divided by 1996?
12
Calculate the remainder when 15550 is divided by 10645.
4905
Calculate the remainder when 114315 is divided by 1291.
707
What is the remainder when 21762430 is divided by 72?
70
Calculate the remainder when 612001 is divided by 3665.
3611
Calculate the remainder when 2611271 is divided by 28078.
17
What is the remainder when 4475465 is divided by 201?
200
What is the remainder when 713 is divided by 439?
274
What is the remainder when 54338734 is divided by 3056?
3054
What is the remainder when 84990 is divided by 21157?
362
What is the remainder when 2099172 is divided by 4707?
4557
What is the remainder when 5841541 is divided by 1634?
1625
What is the remainder when 2275161 is divided by 284391?
33
Calculate the remainder when 177436947 is divided by 44.
39
What is the remainder when 149745 is divided by 127?
12
Calculate the remainder when 47688986 is divided by 3068.
3062
What is the remainder when 11313 is divided by 5396?
521
Calculate the remainder when 132111 is divided by 130806.
1305
Calculate the remainder when 15039941 is divided by 451.
444
What is the remainder when 2396210 is divided by 2034?
158
What is the remainder when 7804403 is divided by 12?
11
Calculate the remainder when 185860 is divided by 46459.
24
What is the remainder when 12417030 is divided by 1330?
150
Calculate the remainder when 11819224 is divided by 1417.
27
Calculate the remainder when 117712 is divided by 65.
62
What is the remainder when 21466 is divided by 1231?
539
Calculate the remainder when 9433138 is divided by 8.
2
What is the remainder when 4140135 is divided by 1546?
1493
What is the remainder when 51339 is divided by 6376?
331
What is the remainder when 6384902 is divided by 162?
158
Calculate the remainder when 326842 is divided by 168.
82
Calculate the remainder when 24421775 is divided by 1981.
7
Calculate the remainder when 557287 is divided by 571.
562
What is the remainder when 59300 is divided by 14622?
812
What is the remainder when 28009689 is divided by 100?
89
Calculate the remainder when 80011 is divided by 25340.
3991
Calculate the remainder when 312212 is divided by 1516.
1432
Calculate the remainder when 104998 is divided by 52470.
58
Calculate the remainder when 256655 is divided by 128210.
235
What is the remainder when 6779023 is divided by 95?
13
What is the remainder when 532454 is divided by 790?
784
Calculate the remainder when 6070301 is divided by 1818.
1817
Calculate t